{"id":85,"date":"2021-04-25T21:20:15","date_gmt":"2021-04-25T21:20:15","guid":{"rendered":"https:\/\/midas.polestar.de\/?page_id=85"},"modified":"2021-05-02T14:47:24","modified_gmt":"2021-05-02T14:47:24","slug":"vermoegensanlage","status":"publish","type":"page","link":"https:\/\/midas.polestar.de\/index.php\/leistungen\/vermoegensanlage\/","title":{"rendered":"Verm\u00f6gensanlage"},"content":{"rendered":"\t\t<div data-elementor-type=\"wp-page\" data-elementor-id=\"85\" class=\"elementor elementor-85\" data-elementor-settings=\"[]\">\n\t\t\t\t\t\t\t<div class=\"elementor-section-wrap\">\n\t\t\t\t\t\t\t<section class=\"elementor-section elementor-top-section elementor-element elementor-element-e66fb5a elementor-section-boxed elementor-section-height-default elementor-section-height-default\" data-id=\"e66fb5a\" data-element_type=\"section\">\n\t\t\t\t\t\t<div class=\"elementor-container elementor-column-gap-default\">\n\t\t\t\t\t<div class=\"elementor-column elementor-col-100 elementor-top-column elementor-element elementor-element-78d0a64\" data-id=\"78d0a64\" data-element_type=\"column\">\n\t\t\t<div class=\"elementor-widget-wrap elementor-element-populated\">\n\t\t\t\t\t\t\t\t<div class=\"elementor-element elementor-element-c45cde5 elementor-widget elementor-widget-text-editor\" data-id=\"c45cde5\" data-element_type=\"widget\" data-widget_type=\"text-editor.default\">\n\t\t\t\t<div class=\"elementor-widget-container\">\n\t\t\t\t\t\t\t\t<p>Investments in, Aktien-, Renten-, Immobilien- oder Rohstofffonds &#8211; die Entscheidung zur Verm\u00f6gensanlage sollte wohl bedacht sein und kann nur im Einzelfall optimal getroffen werden. Profitieren Sie von unserer breit gef\u00e4cherten Erfahrung in s\u00e4mtlichen Verm\u00f6gensfragen.<\/p><div class=\"n\"><p><strong>Unser Service<br \/><\/strong><\/p><ul><li>Professionelle Bedarfsanalyse<\/li><li>Erstellung massgeschneiderter Anlagekonzepte<\/li><li>Aktiv gemanagte Portfoliobetreuung<\/li><li>Auswertung der Wertentwicklung<\/li><li>Auf Wunsch monatiches Reporting<\/li><li>und wie immer <strong>individuell<\/strong> und <strong>bankenunabh\u00e4ngig<\/strong><\/li><\/ul><\/div>\t\t\t\t\t\t<\/div>\n\t\t\t\t<\/div>\n\t\t\t\t\t<\/div>\n\t\t<\/div>\n\t\t\t\t\t\t\t<\/div>\n\t\t<\/section>\n\t\t\t\t\t\t<\/div>\n\t\t\t\t\t<\/div>\n\t\t","protected":false},"excerpt":{"rendered":"<p>Investments in, Aktien-, Renten-, Immobilien- oder Rohstofffonds &#8211; die Entscheidung zur Verm\u00f6gensanlage sollte wohl bedacht sein und kann nur im Einzelfall optimal getroffen werden. Profitieren Sie von unserer breit gef\u00e4cherten Erfahrung in s\u00e4mtlichen Verm\u00f6gensfragen. Unser Service Professionelle Bedarfsanalyse Erstellung massgeschneiderter &hellip; <a href=\"https:\/\/midas.polestar.de\/index.php\/leistungen\/vermoegensanlage\/\">Weiterlesen <span class=\"meta-nav\">&rarr;<\/span><\/a><\/p>\n","protected":false},"author":2,"featured_media":0,"parent":32,"menu_order":0,"comment_status":"closed","ping_status":"closed","template":"","meta":[],"_links":{"self":[{"href":"https:\/\/midas.polestar.de\/index.php\/wp-json\/wp\/v2\/pages\/85"}],"collection":[{"href":"https:\/\/midas.polestar.de\/index.php\/wp-json\/wp\/v2\/pages"}],"about":[{"href":"https:\/\/midas.polestar.de\/index.php\/wp-json\/wp\/v2\/types\/page"}],"author":[{"embeddable":true,"href":"https:\/\/midas.polestar.de\/index.php\/wp-json\/wp\/v2\/users\/2"}],"replies":[{"embeddable":true,"href":"https:\/\/midas.polestar.de\/index.php\/wp-json\/wp\/v2\/comments?post=85"}],"version-history":[{"count":11,"href":"https:\/\/midas.polestar.de\/index.php\/wp-json\/wp\/v2\/pages\/85\/revisions"}],"predecessor-version":[{"id":183,"href":"https:\/\/midas.polestar.de\/index.php\/wp-json\/wp\/v2\/pages\/85\/revisions\/183"}],"up":[{"embeddable":true,"href":"https:\/\/midas.polestar.de\/index.php\/wp-json\/wp\/v2\/pages\/32"}],"wp:attachment":[{"href":"https:\/\/midas.polestar.de\/index.php\/wp-json\/wp\/v2\/media?parent=85"}],"curies":[{"name":"wp","href":"https:\/\/api.w.org\/{rel}","templated":true}]}}